Suppose 152*w - 148*w - 5*m - 665 = 0, m + 677 = 4*w. Calculate the remainder when 220 is divided by w.
50
Suppose -2*g = 3*g - 535. Let t(k) = -k**2 + 36*k + 80. Let z be t(38). What is the remainder when g is divided by (-4205)/(-116) - (-3)/z?
33
Suppose -23*h + 872 + 830 = 0. Let i be (5/(5/(-6)))/(-2). Suppose 154 = i*l - h. What is the remainder when l is divided by 20?
16
Let q = 1314 - 1253. What is the remainder when q is divided by 13?
9
Let u(p) = 33*p + 130. Let a be u(-4). Calculate the remainder when (122/6)/(1/3) is divided by 3264/51*((-1)/a + 0).
29
Suppose 11*v + 7421 = 7971. What is the remainder when 62 is divided by v?
12
Suppose 4*l + 191 = 3*p, 65 = 5*p - 4*l - 256. What is the remainder when 182 is divided by p?
52
Suppose -3*o = -0*o - 87. Let x be 349 - 2 - (-9 + 4 + 2). Suppose 5*y - 360 = x. Calculate the remainder when y is divided by o.
26
Suppose 17 + 98 = 12*l - 173. What is the remainder when 16389 is divided by l?
21
Let i = 187192 + -187183. Let j(r) = 2*r + 1. What is the remainder when i is divided by j(4)?
0
Let r be -432 + -36 + (1 - -5). Let v = r + 520. What is the remainder when v is divided by 24?
10
Let z = -155 + -155. Let b = -286 - z. What is the remainder when b is divided by 5?
4
Suppose g = -5*d + 243, -d - 2*g = -19 - 35. Suppose 178*j + 24472 = 197*j. Suppose 93*p + j = 107*p. Calculate the remainder when p is divided by d.
44
Suppose -30*m + 18792 + 4138 - 3850 = 0. What is the remainder when m is divided by 65?
51
Let v(l) = 13*l - 29. Let w be v(4). Suppose -7*g - 2 = -w. What is the remainder when 6 is divided by g?
0
Let v be (-162)/4 - (-9)/(-6). Let z = 42 + v. Suppose 4*c + 12 = z, -c = -3*w - 0*c + 12. What is the remainder when 5 is divided by w?
2
Let h(j) = j - 9. Let z be h(12). Suppose -f = 3*q + 24 + 19, -40 = 4*q - z*f. Let d(a) = -2*a + 37. Calculate the remainder when d(q) is divided by 11.
8
What is the remainder when 91 is divided by (4 + 77/(-22))*(-112)/(-2)?
7
Let a(x) = 6*x**2 - 36*x + 11. What is the remainder when a(8) is divided by 34 + 1 - (-11)/11?
35
Let l = 470 + -471. What is the remainder when 421 is divided by l/2 + (-280)/(-16)?
13
Calculate the remainder when (2036/(-16))/((3/3)/(-4)) is divided by 48.
29
Let v = -2628 - -2649. Calculate the remainder when 265 is divided by v.
13
Suppose 1366*a = 1409*a - 430. Let u be 1*3 + -5 + 3. Suppose 2*o = u + 1, -5*i + 91 = -4*o. Calculate the remainder when i is divided by a.
9
Let p be 360/190 - (-6)/57. Calculate the remainder when 67 is divided by -5*(-6)/15 + p.
3
Calculate the remainder when 206 is divided by -4 + 4/(-8)*(3 + (-37)/1).
11
Suppose 2*p + 2802 = 3*g, g + 29*p - 31*p - 942 = 0. What is the remainder when g is divided by 81?
39
Suppose -f = -3*i - 14, 0 = -4*f - 0*f - 3*i + 101. Suppose -5*c = -3*b + 140 + 56, -4*b = 3*c - 242. What is the remainder when b is divided by f?
16
Suppose -39*p - 5576 = -72*p - 8*p. Let o = -57 + 99. What is the remainder when p is divided by o?
10
Suppose -4*p - p = -40. What is the remainder when 2 + 11 - p*2/(-4) is divided by 10?
7
Let n = -47458 + 47505. Let w(g) = 134*g**3 + g**2 - 1. What is the remainder when w(1) is divided by n?
40
Suppose 662 = 2*d - 2*o, 15*d - 983 = 12*d + 5*o. What is the remainder when d is divided by 148?
40
Let u be 4/40*(-3 - 3)*-15. Calculate the remainder when ((-5 - u) + 7)*-17 is divided by 43.
33
Let b(g) = 2*g**3 - 5*g**2 - 29*g + 104. Let p = -52 - -74. What is the remainder when b(5) is divided by p?
18
Let v be (3965/15 - 1)*12/5. Let b = v + -618. Suppose 0*l + 4*j - 701 = -5*l, 5*j - 705 = -5*l. What is the remainder when l is divided by b?
11
Let b(i) = 4*i**3 + i**2 - 4*i - 3. Suppose -2*m - 6 = -4*h, 3*h - 8*m - 1 = -3*m. What is the remainder when b(h) is divided by 8?
1
What is the remainder when 1/(14/1998) + (-10)/(-35) is divided by 38?
29
Suppose 4*m + 5*n + 10 = 58, -m + n = -3. Let u(c) = 3 - 4*c**2 + 2 + 2*c**3 - 1 - m*c - c**3. Calculate the remainder when 66 is divided by u(6).
32
Let b = -427 + 749. Suppose 1 = 20*x - 19*x - 18. Calculate the remainder when b is divided by x.
18
Suppose 23*c - 2587 = 10*c. Let v = c + -95. What is the remainder when v is divided by 36?
32
Suppose -37*t + 331 = -33*t + o, 4*o - 340 = -4*t. What is the remainder when 252 is divided by t?
6
Let n(y) = 2*y**3 - 103*y**2 - 51*y + 8. What is the remainder when 1317 is divided by n(52)?
57
Let o(n) = -4*n + 196 - 193 + 6*n. Let z(m) = -3*m - 4. Let u(j) = 4*o(j) + 3*z(j). What is the remainder when 73 is divided by u(-11)?
7
Let p = -980 - -983. Calculate the remainder when 114 is divided by 18*p - 140/(-35).
56
Suppose 87*c - 11421 = 17560 - 7666. What is the remainder when 540 is divided by c?
50
Suppose -x + 394 = -5*r, 0 = 5*x - 0*r - r - 1946. Let f = x - 310. Calculate the remainder when f is divided by 10.
9
Let u be ((-744)/42)/1 + 4/(-14). Let q be 319/99 - (-4)/u - 4. What is the remainder when ((-10)/4)/(q/22) is divided by 8?
7
Let v be ((-4)/(-14) + 0)*14. Suppose -v*f = 4*w - 68, -5*f - 31 = -w - 98. Let d(k) = 2*k**2 - 75*k + 667. Calculate the remainder when d(26) is divided by f.
13
Let v = 44 + -46. Let y be 8/v + 84/12. Suppose -y*i - 27 = -3*u + 51, -u = -3*i - 32. Calculate the remainder when 158 is divided by u.
20
Suppose y = 2*h + 372, 5*y - 3*h = -561 + 2421. Calculate the remainder when 749 is divided by y.
5
Suppose 5*g - 405 = -10*g. Let p = 859 + -852. Calculate the remainder when g is divided by p.
6
What is the remainder when ((5 - 2)*(-20792)/(-12))/(150/75) is divided by 12?
7
Calculate the remainder when (75*-1)/5*-38 is divided by 16/(-1 - -3) + (-2664)/(-36).
78
Suppose 4460 = 58*t + 3385 - 12265. What is the remainder when t is divided by 117?
113
Suppose -d = 4*u - 13, -u - 8 = 2*d - 3*d. Let g be (-53 + 1)*10/4. Let v = g - -132. Calculate the remainder when d is divided by v.
1
Suppose 745*x - 625*x - 175080 = 0. Calculate the remainder when x is divided by 77.
73
What is the remainder when 3241 is divided by 198 + (-15)/9*-3?
196
Suppose -168 = 737*g - 746*g + 66. Let r(a) = -8*a - 5. What is the remainder when r(-6) is divided by g?
17
Suppose 4*g + 118 - 542 = 0. Suppose -3*s - 2*b + g = s, 4*b = 5*s - 139. What is the remainder when 4 - (0 - (7 + 122)) is divided by s?
25
Suppose -3*k = 5*r + 36, -39 = k + 2*k + 4*r. Calculate the remainder when 2 - (-32)/3 - k/51 is divided by 8.
5
Let u be 38/4*(-210)/(-7). Let f = u - 269. Calculate the remainder when 46 is divided by f.
14
Calculate the remainder when -15 + 851/(-7 + 8) is divided by 30.
26
Calculate the remainder when (-5071)/(-5) + 644/805 is divided by 54.
43
Let n = -11 + 37. What is the remainder when -1 - (-2498)/25 - -10*29/3625 is divided by n?
21
Let h = 24 + 9. What is the remainder when -1 + 1590/h + 4/(-22) is divided by (-10)/30 + (-37)/(-3)?
11
Calculate the remainder when 398 is divided by (6/21 + 6864/(-63))/(98/(-147)).
72
Suppose 0 = -296*h - 124394 + 479298. What is the remainder when h is divided by 43?
38
Suppose 6*l + 3*r - 9 = l, 5*r - 15 = -2*l. Suppose -d + 13 + 31 = l. Suppose -2*o + 6 = -d. Calculate the remainder when o is divided by 14.
11
Suppose -3*o = -6*s + s + 171, 2*s - 4*o - 74 = 0. Let a = -440867 - -440923. Calculate the remainder when a is divided by s.
23
Let s = 187 - 184. Suppose -4*t - 4*p = -120, 0 = -s*t - 5*p + 61 + 39. Suppose 0*a = 3*j - a - 130, -5 = -a. What is the remainder when j is divided by t?
20
Let w(c) = -8*c - 365. Calculate the remainder when 403 is divided by w(-47).
7
Suppose -g - 22 = 93*n - 97*n, 2*g + 2 = 2*n. Suppose -5*t = -4*y + 6, 2*t = -2*y - 8 + 2. What is the remainder when (y/2)/((-1)/28) is divided by g?
2
Let t(q) = q**2 - 3*q + 8. Let x(v) = v**2 + 3*v + 52. Calculate the remainder when x(0) is divided by t(4).
4
Suppose 0 = -3*m - 9, 2*c - 2*m + 1308 = 4*c. What is the remainder when c is divided by 80/72*3*8382/635?
41
Suppose 286 = 4*j - 2*y, 5*j - y - 335 = -3*y. Suppose -3*z = -152 - 211. Let d = -85 + z. What is the remainder when j is divided by d?
33
Suppose 3*q + 69 = -i, -q - 3*q - 3*i - 97 = 0. Calculate the remainder when 84 is divided by (-4)/q + 3885/231.
16
Suppose 52*a = -60 + 788. Calculate the remainder when 165 is divided by a.
11
Let f =